et a be q(6). Let t(y) = -y**3 - 4*y + 8. Let f be t(0). What are the prime factors of a - (-3 + f + -2)?
2, 19
Let p = 20 + -22. List the prime factors of (0 - p) + (15 - -6).
23
Suppose 0 = k - 4*l - 553, 3*k - 5*l - 2720 = -2*k. What are the prime factors of k?
541
List the prime factors of (-44)/33*-1945 - (-2)/3.
2, 1297
Let r(w) = -4*w**3 + w**2 + 34*w - 8. What are the prime factors of r(-7)?
5, 47
Let n be (-61)/(((-18)/(-9))/((-4)/2)). Let o = n - 22. What are the prime factors of o?
3, 13
Suppose -m - 4*m = -15. Suppose -m*v + 112 = f - 0*v, 5*f + 4*v = 516. What are the prime factors of (-1)/(196/f + -2)?
5
Let n(m) = 5*m**2 + 0*m**2 - 2 + m**3 + 9*m - 11*m**2. Let v be n(4). Suppose 0 = -5*b + 4*i + 372, b + 4*i = -v*b + 204. What are the prime factors of b?
2, 3
Suppose 234 = 3*n - 5*a - 17, 2*n - a = 172. Suppose -3*f + 3*s = -n, -f + 0*f + 5*s + 17 = 0. List the prime factors of f.
2
Let v be 6/9 - 186/9. Let u = 19 + v. What are the prime factors of (4/(-6))/(u/54)?
2, 3
Let a(v) = -3*v**2 - 33*v + 2. Let i be a(-11). Suppose 2*f - i*y - 141 = y, 0 = 2*f - 4*y - 138. What are the prime factors of f?
3, 5
Let u = 1872 - 1300. Suppose -2*l + 4*b = -0*l - u, 5*l + 3*b = 1378. List the prime factors of l.
2, 139
Let f(w) = 48*w**2 + 19*w + 58. What are the prime factors of f(-4)?
2, 3, 5
Suppose 3*y + 267 = 6*y. Let r = 90 - 27. Let k = y - r. What are the prime factors of k?
2, 13
Suppose -3*q + 2*t - 4 = 0, 2*t + 7 = -4*q + 5*t. Suppose -c = q*v - 3, 0 = 5*c - 4*v - 15 - 0. Let p = c - -12. List the prime factors of p.
3, 5
Let b(x) = -x**3 - x**2 - 2*x + 4. Let p be b(0). Suppose p*r = u - 46, 0*u - 5*u = -3*r - 196. List the prime factors of u.
2, 19
Suppose -1 = q - 14. Let f be (5 - -1)*(-3)/(-2). Let l = q + f. List the prime factors of l.
2, 11
Let x be 4/(-12)*-9 + 588. Let d = x - 416. What are the prime factors of d?
5, 7
Let x(c) = -c + 2. Let q be x(2). Let w be (-1 - (12 - 2))*-2. Let t = w + q. What are the prime factors of t?
2, 11
Suppose 4*s = 2*s + 6. Suppose 48 = s*i + 156. Let j = 37 - i. What are the prime factors of j?
73
Let p = -9 - -12. Suppose 4*m - 9 - 155 = 0. Suppose -3*s + 0*s = h - m, -4*s + p*h + 59 = 0. List the prime factors of s.
2, 7
Suppose -2*j - 208 = -2*d - 4*j, 0 = -4*d + j + 426. List the prime factors of d.
2, 53
Suppose -3 - 9 = 4*p. Let b(i) = -i - 8. Let m be b(p). What are the prime factors of 0 - 48/(m - -2)?
2
Suppose -2*k + 58 = g, -5*g + 1 = -3*k + 75. Suppose 0 = -k*v + 17*v + 2420. List the prime factors of v.
2, 5, 11
Let d be (-2)/13 - (-22)/143. Suppose -2*q + 5 + 13 = d. List the prime factors of q.
3
Let i = 1371 - -757. What are the prime factors of i?
2, 7, 19
What are the prime factors of 5 + (251 - (-4 - -8))?
2, 3, 7
What are the prime factors of ((-2)/(-25))/1 + (-161394)/(-75)?
2, 269
Suppose 0 = -4*t - 19 + 27. Suppose -156 = -t*z + 56. What are the prime factors of z?
2, 53
Let i be (-498)/(-26) + 2/(-13). Let l = i + -19. Suppose -j + l*j + 37 = p, 4*j = 4*p + 124. What are the prime factors of j?
2, 17
List the prime factors of 6 + (443 - 5) - -6.
2, 3, 5
Suppose -3*d + 238 = -269. Suppose 0 = -4*l + 4*y - 476, y = -5*l - 3*y - 613. Let m = l + d. List the prime factors of m.
2, 3
Suppose 0*o = -3*o - 30. Let u(k) = -k**3 - 10*k**2 - 8*k - 8. List the prime factors of u(o).
2, 3
List the prime factors of (-2981)/(-4) - 105/(-60).
3, 83
Suppose -23*l + 12*l + 31801 = 0. What are the prime factors of l?
7, 59
Let l(i) = 166*i - 439. What are the prime factors of l(6)?
557
List the prime factors of -1 + 12/20 + 7608/20.
2, 5, 19
Let g(p) = p**2 - 23*p + 2105. What are the prime factors of g(0)?
5, 421
Let h = 5448 + -2924. List the prime factors of h.
2, 631
Suppose 2*b - 4*t - 8066 = -3*b, -b = -3*t - 1622. List the prime factors of b.
2, 5, 7, 23
Let d(m) be the third derivative of -3*m**6/4 - m**5/60 + m**3/6 + 6*m**2. What are the prime factors of d(-1)?
2, 3, 5
Let y = -11 + 5. Let t be 8 + 3/(y/2). Suppose -t = -2*c + 5. What are the prime factors of c?
2, 3
Suppose 31673 = 28*h - 100823. What are the prime factors of h?
2, 7, 13
Let y be -3 + (2 - 0) + (-8 - -12). List the prime factors of 3/(-1)*(-160)/y.
2, 5
Let z(o) = -o**2. Let p(w) = 11*w**2 + 1. Let y(l) = 2*p(l) + 18*z(l). What are the prime factors of y(-4)?
2, 3, 11
Suppose -15 + 11 = -2*w. Suppose 2*d - 5*d = -m, -w*m - 4*d + 20 = 0. List the prime factors of m.
2, 3
Let h = -24 - -30. Suppose -h*d + 24 = -5*d. What are the prime factors of d?
2, 3
What are the prime factors of (-5 + 13645/(-10))*(-2)/3?
11, 83
Suppose 31*q = 25*q + 60. Suppose -q*l + 15*l - 185 = 0. What are the prime factors of l?
37
Suppose 9*m = 638 + 1216. What are the prime factors of m?
2, 103
Let g = -515 - -1134. What are the prime factors of g?
619
Suppose 3*j - 6 = -6. Suppose 0*i + 4*m = 4*i - 28, -5*m + 15 = j. List the prime factors of i.
2, 5
Let n = 13 + -11. Suppose -n*g = -0*a + 3*a - 571, 3*a - g - 565 = 0. What are the prime factors of a?
3, 7
Let c = 77 + -55. Let u = c - -49. List the prime factors of u.
71
Let z = 5716 - 3553. What are the prime factors of z?
3, 7, 103
Suppose 32*q + 132 = 36*q. Suppose y + 2*y = q. List the prime factors of y.
11
Suppose -10*j - 91 = -3661. What are the prime factors of j?
3, 7, 17
Let a = 8 - -3. Let d(t) = -3*t**3 - 8*t**2 - 14*t - 19. Let o(p) = 16*p**3 + 40*p**2 + 71*p + 96. Let q(b) = a*d(b) + 2*o(b). List the prime factors of q(-7).
2, 3
Let y be 84/49*21/2. Suppose 3*l - y = 9. What are the prime factors of l?
3
Let q(y) be the second derivative of -y**5/20 + 2*y**4/3 + y**3/3 + 5*y**2/2 - 2*y. What are the prime factors of q(8)?
3, 7
Let t(q) = -q**2 + 6*q - 3. Let z be t(6). Let v be 1/(-3) - 1/z. Suppose v = 4*d + 2*a - a - 113, -5*a = -2*d + 73. What are the prime factors of d?
29
Suppose 10*n = 14*n - 72. Suppose -n*c + 17*c + 7 = 0. List the prime factors of c.
7
Suppose 14*a - 3213 = 5831. List the prime factors of a.
2, 17, 19
Suppose 3*p = 1003 - 163. Suppose 3*m + 3*x = 7*x + p, 4*m - 5*x = 374. List the prime factors of m.
2, 3
Suppose 2*t - a = 4856, 3*a + 2433 = 3*t - 2*t. List the prime factors of t.
3, 809
Let r(f) = -934*f - 20. What are the prime factors of r(-1)?
2, 457
Let v = -21 - -56. Suppose 0 = -2*j + 3*j + 5*y + 5, -3*y - v = -j. Suppose -j = -t - t. List the prime factors of t.
2, 5
Suppose 2*s - 5*q = 607, -5*s + 1748 = -q + 196. Suppose u = 4*j - s, -3*j + 313 = -u + 79. What are the prime factors of j?
7, 11
Suppose -2*t - 2346 = -2*x, 6*x - 3*t = x + 5873. List the prime factors of x.
11, 107
Let h = 12 + 2. Suppose 0 = -h*x + 17*x. Suppose -5*t + 8 = w, -4*t = -x*t + 4. List the prime factors of w.
13
Let y = -30 + 21. Let r(q) = -q**3 - 11*q**2 - 7*q + 6. Let i be r(y). Let g = 162 + i. What are the prime factors of g?
3, 23
Let w = -760 + 1198. List the prime factors of w.
2, 3, 73
Let j(f) = -3*f - 24. Let d be j(-6). Let b(o) = -17*o - 12. List the prime factors of b(d).
2, 3, 5
Let b be ((-4)/(-18)*3)/(18/9963). Let n = b - 232. List the prime factors of n.
137
List the prime factors of -22 + 6 + 5 - -1368.
23, 59
Let b = -624 - -1510. List the prime factors of b.
2, 443
Let i(t) = -t**2 - 9*t - 6. Let h be i(-10). Let g = h - -18. Suppose -c = g*c - 69. List the prime factors of c.
23
Suppose -3*o = -2*l + 20, 5*l + o = -0*o + 67. Suppose 86 - l = v. List the prime factors of v.
73
Let r = -36 - -22. Let t = -10 - r. Suppose j + 3*l - t*l - 47 = 0, -4*j + 188 = -2*l. List the prime factors of j.
47
Let u be 7*(-2)/2*-1. Let z = 9 - u. Suppose 5*m = -2*r + 47 + 4, -3*m = -z*r + 11. List the prime factors of r.
13
Let b be 16/3*(-6)/(-4). Let l(a) = -a**3 + 0*a**2 + 21*a**2 + 7 - 13*a**2. What are the prime factors of l(b)?
7
Suppose 53*s - 47*s - 26982 = 0. What are the prime factors of s?
3, 1499
Let q(z) = -7*z**3 - 2*z + 1. Let x be 6 + -5 - 0/(-1). Let v be q(x). Let f(l) = l**2 + 7*l + 12. List the prime factors of f(v).
2, 5
Let t = -2895 - -4980. List the prime factors of t.
3, 5, 139
Suppose -8*i + 2819 = -1765. Let k = i - 383. What are the prime factors of k?
2, 5, 19
Let f(a) = 2*a**2 + 20*a + 3. Let m be f(-9). List the prime factors of (-232)/(-6) + 10/m.
2, 19
Suppose 2*l + 4*l = -8*l. Let k be (-18)/63 - 37/(-7).